-1217 + 609 = -j*w. What is the hundreds digit of w?
3
Let i(f) = -4280*f - 284. What is the thousands digit of i(-1)?
3
Suppose 2*y + 4*k - 48 = -2*y, k = 3*y - 20. Suppose -4*h - 680 = 4*n, 3*n - y*h + 515 = -12*h. Let u = n - -370. What is the hundreds digit of u?
2
What is the hundreds digit of (-30)/4*((-74)/(-6) - 13)*5659?
2
Let j = -18 - -27. Suppose j = w + 1. What is the units digit of (w/7)/((-22)/(-77))?
4
What is the tens digit of 1037252/15 - 10/18*(-48)/(-200)?
5
Suppose 2*n - 26 + 0 = -3*g, 0 = 3*n - g - 17. Let w(s) = 20*s + 46. Let y(j) = 50*j + 116. Let m(p) = -12*w(p) + 5*y(p). What is the units digit of m(n)?
8
Let y be 3 + (-87)/27 - 4511/(-9). Suppose 506*f = y*f + 480. What is the tens digit of f?
9
Let t = -9943 - -21559. What is the units digit of t?
6
Suppose 2773 = 2*s - r, 0*s + 3*s = 5*r + 4163. What is the hundreds digit of s?
3
Let g be ((-849)/(-3) - -1) + (-8)/(-4). Let j = g - 122. Suppose -3*t + j = 2*t + f, -2*t - 5*f = -61. What is the units digit of t?
3
Let s be (-1)/(-3)*-1 + 66/9. Suppose s*n - 846 = 3410. Suppose n = 3*z - u, 0*u + 5*u = -z + 224. What is the tens digit of z?
0
Let y = 14402 - -32253. What is the units digit of y?
5
Let w(k) = 143*k - 195. Suppose 4*q - 2*y - 34 = -16, -q = -4*y + 6. What is the tens digit of w(q)?
6
Let z(h) = 16*h**2 + 7*h + 3. Suppose 2*p + 0*p = 8. Let g be z(p). Suppose j = 4*a - g - 235, 0 = a + 2*j - 135. What is the tens digit of a?
3
Suppose 0 = o + 7 - 11. Suppose i - f = -10 - 5, -58 = o*i - 3*f. Let x(t) = t**2 + 4*t - 15. What is the hundreds digit of x(i)?
1
Let y(h) = -2 + 2*h**2 - h**2 + 0*h**3 + 2*h**3 - 2*h + 3*h**2. What is the units digit of y(3)?
2
Let g = -544 + 545. Let q be ((-6)/5)/((-6)/20). What is the tens digit of g*(3 - q) + 59?
5
Suppose -4*m + 4*v + 77019 = 19811, 0 = -3*v - 3. What is the units digit of m?
1
Suppose -18*c + 16 = -16*c. Suppose -2*x + 30 = c*x. Suppose -x*r + 7*r - 216 = 0. What is the units digit of r?
4
Let s = 110342 + -76702. What is the thousands digit of s?
3
What is the tens digit of (80 + -1)*(251 - 214)?
2
Suppose 3*r = 2*g + 14, -g + 2 - 4 = -4*r. What is the tens digit of g/(-4 + (-276)/(-70))?
7
What is the ten thousands digit of (-4)/10 + (-204)/680 + (-244317)/(-10)?
2
Let w(l) = -l**2 - 19*l - 14. Let d be w(-21). Let u = -53 - d. Suppose 0 = -2*s + 2, 3*o + u*s - 354 = -0*s. What is the tens digit of o?
1
Let d be (-5)/15 - (-10)/3. Suppose -4*b = -4*f + 388, -4*b - 226 = -d*f + 65. Suppose -2*c - 25 + f = 0. What is the tens digit of c?
3
Let v(w) = 57*w**2 + 36*w + 112. What is the units digit of v(-3)?
7
Let l(m) = 4*m - 26. Let d be l(6). Let g be (1 - 5)*d/(-4). Let o(r) = r**2 - 2*r - 2. What is the units digit of o(g)?
6
Suppose -4*t = 3*u - 37264, 0 = 4*t - 56*u + 53*u - 37240. What is the hundreds digit of t?
3
Let o(h) = 2649*h - 1099. What is the ten thousands digit of o(9)?
2
Suppose 0 = 3*d - 4*d + 6. Let g(m) = -m**2 + 4*m - 15. Let u be g(d). What is the hundreds digit of (u/12)/((-12)/1248)?
2
Let i = 43 + 19. Let z = i - 60. What is the tens digit of (108/(-10))/(z/(-15))?
8
Let v = -363 + 1041. Suppose v = 2*g - 3*h + 173, 25 = 5*h. What is the tens digit of g?
6
What is the hundreds digit of (-23594)/(-3) - ((-19)/(-57))/((-2)/2)?
8
Let s(o) = o**2 - o - 14. Let v be s(-3). Let m be -3*(v - 422/6). Suppose -6*a - 379 = -2*f - 5*a, -5*a = f - m. What is the tens digit of f?
9
Let x(u) = 2*u + 15. Let o be x(6). Suppose -37*z + 12030 = -o*z. What is the hundreds digit of z?
2
What is the tens digit of (60/(-25))/(-6) + 417399/15?
2
Let p = 1101 - -4672. What is the hundreds digit of p?
7
Let a(g) = 3*g**3 - 7*g**2 + 21*g + 56. Let s(k) = k**3 - 4*k**2 + 11*k + 28. Let j(n) = 2*a(n) - 5*s(n). What is the tens digit of j(-7)?
1
Suppose -b + 0*b + 2*p - 39 = 0, -5*b - 3*p - 221 = 0. Let c = 43 + b. Suppose -282 = -3*o - 4*i + 54, -2*i - 6 = c. What is the units digit of o?
6
Let i(d) = d**2 + 17*d + 68. Let a be i(-8). What is the tens digit of 2 + 987 + (2 - 2) + a?
8
Suppose 5*t - 17 = -62. Let w(i) = i**3 + 14*i**2 - 2*i - 3. Let v be w(t). Suppose v = 5*f + g - 5*g, -4*f + 357 = g. What is the units digit of f?
8
Let v(y) = 131*y**2 - 56*y - 324. What is the units digit of v(-7)?
7
Suppose -20*m + 48*m = -69*m + 1841448. What is the tens digit of m?
8
Suppose -r - r - 4*x = 174492, -r = -5*x + 87239. What is the units digit of (r/(-204))/(2/6)?
3
Suppose -4*f + 5*z = 38, -4*z - 31 = 2*f + 1. Let h(r) = -4*r - 13. Let m be h(f). Suppose -m = -2*j + 189. What is the hundreds digit of j?
1
Suppose 5*d + 4*m - 13856 = 0, 0 = -19*d + 24*d + 3*m - 13852. Suppose 4*w + 5*t - d = 0, -5*t - 2041 = -4*w + w. What is the hundreds digit of w?
6
Let b(d) be the third derivative of d**5/15 + 13*d**4/12 - 53*d**3/3 + 17*d**2 - 4. What is the hundreds digit of b(12)?
7
Suppose 5*x + 2135 = 2*d, 12*x = 7*x + 4*d - 2135. Let u = x - -666. What is the units digit of u?
9
Let j(h) = 128*h**2 + 4*h + 5. Suppose -4*n + 308 = 3*f - 2*f, 0 = n + 5*f - 96. Let g = n - 77. What is the tens digit of j(g)?
2
Let h(j) be the second derivative of -j**3/6 + 4*j**2 - 4*j + 2. What is the tens digit of h(-39)?
4
Suppose -659341 + 84301 = -64*k. What is the thousands digit of k?
8
Let f(g) = -2*g**2 + 1. Let i(j) = -15*j**2 - 3*j - 5. Let d(p) = 5*f(p) - i(p). What is the tens digit of d(-7)?
3
Suppose o - 3 = 0, 6 = -2*q - 2*o + 356. Suppose 3*y - z + 0*z - q = 0, -3*y + 182 = 4*z. Suppose -59*g + 13 = -y*g. What is the units digit of g?
3
Let u be 210/28*(-2 + 0/2). Let q be ((-18)/u)/(-6) - 186/(-5). Suppose 6 = 4*z + 2*l, 0 = 3*z - 0*l - 5*l - q. What is the units digit of z?
4
Let t(h) be the second derivative of h**5/20 + 2*h**4 - 68*h**3/3 - 23*h**2/2 + 86*h. What is the units digit of t(-28)?
9
Let u = -26271 - -46287. What is the units digit of u?
6
Suppose -5047 = -5*v + w, -1025 = 4*v - 5*v - 5*w. Let h = 1841 - v. What is the hundreds digit of h?
8
Let n be (3 - 124/12)/(4/(-6)). Let v(r) = 18*r - 1 - 23 + 3. What is the tens digit of v(n)?
7
Let n = 347 + 69. Let q be (n/39)/(2/198). Suppose -10*w = w - q. What is the units digit of w?
6
Let t(w) = w**3 + 12*w**2 + 6*w + 7. Let u be t(-7). Let r = 1006 + u. What is the hundreds digit of r?
2
Suppose 7*y - 3*y = z + 1, 2*z = -y + 16. What is the units digit of (80 - -3)/(z/63)?
7
Suppose -42*y = 82 - 418. Let a = -2 - -2. Suppose a = 4*j - 116 - y. What is the tens digit of j?
3
Let n(j) = 18*j**2 - 54*j - 294. What is the hundreds digit of n(-35)?
6
Let r(z) = 7*z + z**2 + 48 + 10*z + 8*z - 10*z. Let j be r(-25). Let a = 456 - j. What is the units digit of a?
8
Let w = 58442 + -41659. What is the hundreds digit of w?
7
Let r be (-6)/12 + (-7)/(-2). Let m(o) = 26*o - 15. Let g be m(7). Suppose -5*n = -5*z + g - 1452, -2*n + 504 = r*z. What is the tens digit of n?
5
Let k = 25192 - 12728. Suppose -2*l = 14*l - k. What is the hundreds digit of l?
7
Let c = 4817 + -2621. What is the hundreds digit of c?
1
Let q = -412 - 1409. What is the tens digit of q*(-9)/81*3?
0
Let k(v) = 12*v**2 + 491*v + 63. What is the tens digit of k(-41)?
0
Let w = 10211 + 1022. What is the hundreds digit of w?
2
Suppose -4*q - g - 4208 = 4*g, 3159 = -3*q - 3*g. Let n = -571 - q. What is the tens digit of n?
8
Let d = 239 + 151. Suppose -3*y + 341 = u, -5*u + 3*y + 1351 + d = 0. What is the hundreds digit of u?
3
Let s = 15 - 12. Suppose -4*k - n = -876, 5*n + 104 = s*k - 553. What is the tens digit of k?
1
Suppose q - n - 3348 = 0, -n - 4*n + 10 = 0. Suppose 0 = -9*v + q + 1762. What is the units digit of v?
8
Let d(a) = 5*a**3 - 2*a**2 - a + 2. Let j be 4 - 4 - (-4)/4. Let q be d(j). Suppose -4*k - 68 = -3*r, 0 = -0*r - 4*r + q*k + 96. What is the tens digit of r?
2
Let a(u) = u**2 + 14*u - 21. Let j be a(-16). Let g = j - -1. What is the hundreds digit of (4 + (-40)/g)*198?
1
Let p(t) be the third derivative of 7*t**5/60 - 13*t**4/24 - 16*t**3/3 - 2*t**2 + 5*t. What is the hundreds digit of p(8)?
3
Let o be 6*5/15*2. Suppose 0 = 2*a - t + 2*t - 27, o*t + 24 = 3*a. Suppose a*l - 13*l + 76 = 0. What is the tens digit of l?
7
Suppose -c + 5*h + 56 - 1 = 0, h = c - 43. Let a be c/3*(-2)/(16/(-204)). Suppose 4*v - 2*u - 2*u - a = 0, 5*v + 4*u = 380. What is the units digit of v?
0
